e ten thousands digit of 1125201627?
0
What is the hundreds digit of 30347932?
9
What is the ten millions digit of 2125042190?
2
What is the ten thousands digit of 45507310?
0
What is the hundred thousands digit of 10755256?
7
What is the billions digit of 3189631480?
3
What is the units digit of 58163693?
3
What is the thousands digit of 2596549782?
9
What is the millions digit of 76904135?
6
What is the millions digit of 3242854219?
2
What is the millions digit of 19632006?
9
What is the ten millions digit of 103030137?
0
What is the thousands digit of 1464314917?
4
What is the hundred thousands digit of 20007806?
0
What is the ten thousands digit of 413540482?
4
What is the thousands digit of 485029803?
9
What is the hundred millions digit of 2187140094?
1
What is the tens digit of 1025654755?
5
What is the tens digit of 479324366?
6
What is the hundreds digit of 309886779?
7
What is the units digit of 169100033?
3
What is the hundreds digit of 245990985?
9
What is the units digit of 25078832?
2
What is the hundreds digit of 1940226875?
8
What is the tens digit of 1710111041?
4
What is the thousands digit of 261808943?
8
What is the units digit of 4343067?
7
What is the hundred thousands digit of 163194974?
1
What is the hundreds digit of 97261764?
7
What is the ten thousands digit of 172564728?
6
What is the millions digit of 470070975?
0
What is the ten thousands digit of 44212528?
1
What is the millions digit of 28812235?
8
What is the hundred millions digit of 189016279?
1
What is the ten thousands digit of 284712311?
1
What is the ten thousands digit of 93038291?
3
What is the units digit of 222891121?
1
What is the units digit of 45480349?
9
What is the hundreds digit of 75326302?
3
What is the ten millions digit of 1204946336?
0
What is the hundred thousands digit of 624290609?
2
What is the units digit of 8926765?
5
What is the billions digit of 3648645450?
3
What is the hundred millions digit of 319041662?
3
What is the hundreds digit of 180984838?
8
What is the tens digit of 174036993?
9
What is the millions digit of 67937006?
7
What is the hundred thousands digit of 1280687444?
6
What is the units digit of 834259714?
4
What is the hundreds digit of 38697629?
6
What is the hundred thousands digit of 610664324?
6
What is the hundred thousands digit of 1505395455?
3
What is the units digit of 25681135?
5
What is the units digit of 427297710?
0
What is the thousands digit of 53648541?
8
What is the thousands digit of 20153647?
3
What is the hundred thousands digit of 26074388?
0
What is the hundred millions digit of 308025571?
3
What is the hundred thousands digit of 37708205?
7
What is the ten millions digit of 30292307?
3
What is the ten millions digit of 506125546?
0
What is the ten millions digit of 1947295859?
4
What is the units digit of 171718030?
0
What is the hundreds digit of 2530307991?
9
What is the thousands digit of 385825824?
5
What is the units digit of 452363290?
0
What is the tens digit of 16863918?
1
What is the ten millions digit of 1383270905?
8
What is the hundreds digit of 264295654?
6
What is the units digit of 3605268431?
1
What is the hundred millions digit of 797931616?
7
What is the hundred thousands digit of 3554673?
5
What is the millions digit of 25891588?
5
What is the millions digit of 366249505?
6
What is the ten thousands digit of 47553487?
5
What is the thousands digit of 5866566?
6
What is the units digit of 12999643?
3
What is the ten millions digit of 4342448755?
4
What is the hundred thousands digit of 705792125?
7
What is the ten millions digit of 572024925?
7
What is the units digit of 2566748?
8
What is the units digit of 4971726371?
1
What is the ten thousands digit of 27319531?
1
What is the units digit of 1020033613?
3
What is the hundreds digit of 861585039?
0
What is the tens digit of 2846443110?
1
What is the units digit of 1187976169?
9
What is the hundreds digit of 30028158?
1
What is the ten millions digit of 5256708701?
5
What is the hundred thousands digit of 42870525?
8
What is the ten millions digit of 4368074367?
6
What is the billions digit of 1189341014?
1
What is the hundred thousands digit of 7145741274?
7
What is the units digit of 32624380?
0
What is the tens digit of 45680067?
6
What is the hundred thousands digit of 1636351368?
3
What is the hundreds digit of 1149208335?
3
What is the hundred millions digit of 126502322?
1
What is the hundred thousands digit of 98818985?
8
What is the hundred millions digit of 577590143?
5
What is the hundred thousands digit of 874163998?
1
What is the hundred thousands digit of 368642530?
6
What is the units digit of 24074318?
8
What is the units digit of 314315239?
9
What is the tens digit of 467060332?
3
What is the ten thousands digit of 1428693679?
9
What is the hundreds digit of 31272467?
4
What is the hundreds digit of 35207762?
7
What is the tens digit of 23904305?
0
What is the hundreds digit of 77598481?
4
What is the ten thousands digit of 24172863?
7
What is the millions digit of 2088817397?
8
What is the tens digit of 12238283?
8
What is the tens digit of 2761989211?
1
What is the hundred millions digit of 8162587140?
1
What is the millions digit of 45740768?
5
What is the hundreds digit of 1123632335?
3
What is the ten thousands digit of 67988305?
8
What is the tens digit of 718877352?
5
What is the ten thousands digit of 10401570?
0
What is the thousands digit of 1592862625?
2
What is the ten millions digit of 344081607?
4
What is the hundreds digit of 688985967?
9
What is the hundred thousands digit of 1415130371?
1
What is the hundred millions digit of 123839734?
1
What is the ten thousands digit of 61894698?
9
What is the hundreds digit of 103380648?
6
What is the tens digit of 877461426?
2
What is the millions digit of 406873333?
6
What is the units digit of 3140209?
9
What is the hundred millions digit of 1079917705?
0
What is the units digit of 60671883?
3
What is the units digit of 789233977?
7
What is the tens digit of 1606834284?
8
What is the thousands digit of 170466216?
6
What is the hundred thousands digit of 21201845?
2
What is the hundred thousands digit of 514146762?
1
What is the tens digit of 53243795?
9
What is the millions digit of 831913651?
1
What is the ten millions digit of 57589692?
5
What is the hundreds digit of 4745132?
1
What is the hundred thousands digit of 873254308?
2
What is the millions digit of 6525553198?
5
What is the tens digit of 3536478776?
7
What is the hundreds digit of 33198514?
5
What is the hundred millions digit of 5261822707?
2
What is the ten thousands digit of 1052337255?
3
What is the units digit of 9889891?
1
What is the millions digit of 218469623?
8
What is the millions digit of 21236925?
1
What is the ten millions digit of 763790157?
6
What is the billions digit of 1015548281?
1
What is the thousands digit of 129458911?
8
What is the ten millions digit of 154437732?
5
What is the thousands digit of 30627049?
7
What is the hundreds digit of 2253341888?
8
What is the hundreds digit of 4945198041?
0
What is the hundreds digit of 84460621?
6
What is the hundreds digit of 542166031?
0
What is the millions digit of 98681487?
8
What is the ten millions digit of 5925677003?
2
What is the ten millions digit of 41852080?
4
What is the hundred thousands digit of 63441295?
4
What is the units digit of 191591055?
5
What is the thousands digit of 51820364?
0
What is the millions digit of 48545354?
8
What is the hundred thousands digit of 78320189?
3
What is the millions digit of 1699514425?
9
What is the millions digit of 32439745?
2
What is the ten thousands digit of 22317945?
1
What is the hundreds digit of 82803065?
0
What is the tens digit of 2996011969?
6
What is the thousands digit of 269143675?
3
What is the tens digit of 844302801?
0
What is the ten thousands digit of 143949200?
4
What is the units digit of 65964060?
0
What is the thousands digit of 670014712?
4
What is the ten thousands digit of 668236235?
3
What is the hundred millions digit of 1232292719?
2
What is the hundred millions digit of 557730219?
5
What is the hundred millions digit of 879644342?
8
What is the millions digit of 166995340?
6
What is the thousands digit of 1614903591?
3
What is the hundreds d